{"id":1580,"date":"2020-09-01T17:57:51","date_gmt":"2020-09-01T17:57:51","guid":{"rendered":"https:\/\/fedeco.eu\/merken\/"},"modified":"2021-01-25T17:05:42","modified_gmt":"2021-01-25T15:05:42","slug":"marcas","status":"publish","type":"page","link":"https:\/\/fedeco.eu\/pt-pt\/marcas\/","title":{"rendered":"Marcas"},"content":{"rendered":"<h2>Qualidade reconhecida<\/h2>\n<p>Os nossos produtos frescos ultracongelados est\u00e3o dispon\u00edveis em qualquer forma desejada. Juntamente consigo, determinamos a sua gama ideal, tanto em termos de produtos como de embalagens. Em todos os casos, pode contar com a garantia de personaliza\u00e7\u00e3o e alta qualidade. Quer opte por vender com a sua pr\u00f3pria marca ou atrav\u00e9s de uma das nossas marcas bem conhecidas.<\/p>\n<h2>Marca pr\u00f3pria<\/h2>\n<p>Todos os nossos produtos est\u00e3o dispon\u00edveis com marca pr\u00f3pria, na embalagem de que necessita. Podemos criar uma gama personalizada s\u00f3 para si, embal\u00e1-la com a sua pr\u00f3pria marca e entreg\u00e1-la a seu pedido. Se desejar, podemos tamb\u00e9m responder de forma flex\u00edvel \u00e0s altera\u00e7\u00f5es sazonais, tend\u00eancias alimentares, embalagens especiais, etc.<\/p>\n<h2>As nossas marcas<\/h2>\n<p>Outra op\u00e7\u00e3o atrativa \u00e9 desenvolver um neg\u00f3cio com base na fama e reputa\u00e7\u00e3o de longa data da nossa pr\u00f3pria marca Fedeco Diamond Crown ou surpreender o mercado com a nova Snow Fox.<\/p>\n","protected":false},"excerpt":{"rendered":"<p>Qualidade reconhecida Os nossos produtos frescos ultracongelados est\u00e3o dispon\u00edveis em qualquer forma desejada. Juntamente consigo, determinamos a sua gama ideal, tanto em termos de produtos como de embalagens. Em todos os casos, pode contar com a garantia de personaliza\u00e7\u00e3o e alta qualidade. Quer opte por vender com a sua pr\u00f3pria marca ou atrav\u00e9s de uma<\/p>\n","protected":false},"author":1,"featured_media":2744,"parent":0,"menu_order":30,"comment_status":"closed","ping_status":"closed","template":"templates\/template-brands.php","meta":{"inline_featured_image":false,"footnotes":""},"class_list":["post-1580","page","type-page","status-publish","has-post-thumbnail","hentry"],"yoast_head":"<!-- This site is optimized with the Yoast SEO plugin v27.3 - https:\/\/yoast.com\/product\/yoast-seo-wordpress\/ -->\n<title>Marcas - Fedeco<\/title>\n<meta name=\"robots\" content=\"index, follow, max-snippet:-1, max-image-preview:large, max-video-preview:-1\" \/>\n<link rel=\"canonical\" href=\"https:\/\/fedeco.eu\/pt-pt\/marcas\/\" \/>\n<meta property=\"og:locale\" content=\"pt_PT\" \/>\n<meta property=\"og:type\" content=\"article\" \/>\n<meta property=\"og:title\" content=\"Marcas - Fedeco\" \/>\n<meta property=\"og:description\" content=\"Qualidade reconhecida Os nossos produtos frescos ultracongelados est\u00e3o dispon\u00edveis em qualquer forma desejada. Juntamente consigo, determinamos a sua gama ideal, tanto em termos de produtos como de embalagens. Em todos os casos, pode contar com a garantia de personaliza\u00e7\u00e3o e alta qualidade. Quer opte por vender com a sua pr\u00f3pria marca ou atrav\u00e9s de uma\" \/>\n<meta property=\"og:url\" content=\"https:\/\/fedeco.eu\/pt-pt\/marcas\/\" \/>\n<meta property=\"og:site_name\" content=\"Fedeco\" \/>\n<meta property=\"article:modified_time\" content=\"2021-01-25T15:05:42+00:00\" \/>\n<meta property=\"og:image\" content=\"https:\/\/fedeco.eu\/wp-content\/uploads\/2020\/12\/PANA1324.jpeg\" \/>\n\t<meta property=\"og:image:width\" content=\"1280\" \/>\n\t<meta property=\"og:image:height\" content=\"853\" \/>\n\t<meta property=\"og:image:type\" content=\"image\/jpeg\" \/>\n<meta name=\"twitter:card\" content=\"summary_large_image\" \/>\n<meta name=\"twitter:label1\" content=\"Tempo estimado de leitura\" \/>\n\t<meta name=\"twitter:data1\" content=\"1 minuto\" \/>\n<script type=\"application\/ld+json\" class=\"yoast-schema-graph\">{\"@context\":\"https:\\\/\\\/schema.org\",\"@graph\":[{\"@type\":\"WebPage\",\"@id\":\"https:\\\/\\\/fedeco.eu\\\/pt-pt\\\/marcas\\\/\",\"url\":\"https:\\\/\\\/fedeco.eu\\\/pt-pt\\\/marcas\\\/\",\"name\":\"Marcas - Fedeco\",\"isPartOf\":{\"@id\":\"https:\\\/\\\/fedeco.eu\\\/#website\"},\"primaryImageOfPage\":{\"@id\":\"https:\\\/\\\/fedeco.eu\\\/pt-pt\\\/marcas\\\/#primaryimage\"},\"image\":{\"@id\":\"https:\\\/\\\/fedeco.eu\\\/pt-pt\\\/marcas\\\/#primaryimage\"},\"thumbnailUrl\":\"https:\\\/\\\/fedeco.eu\\\/wp-content\\\/uploads\\\/2020\\\/12\\\/PANA1324.jpeg\",\"datePublished\":\"2020-09-01T17:57:51+00:00\",\"dateModified\":\"2021-01-25T15:05:42+00:00\",\"breadcrumb\":{\"@id\":\"https:\\\/\\\/fedeco.eu\\\/pt-pt\\\/marcas\\\/#breadcrumb\"},\"inLanguage\":\"pt-PT\",\"potentialAction\":[{\"@type\":\"ReadAction\",\"target\":[\"https:\\\/\\\/fedeco.eu\\\/pt-pt\\\/marcas\\\/\"]}]},{\"@type\":\"ImageObject\",\"inLanguage\":\"pt-PT\",\"@id\":\"https:\\\/\\\/fedeco.eu\\\/pt-pt\\\/marcas\\\/#primaryimage\",\"url\":\"https:\\\/\\\/fedeco.eu\\\/wp-content\\\/uploads\\\/2020\\\/12\\\/PANA1324.jpeg\",\"contentUrl\":\"https:\\\/\\\/fedeco.eu\\\/wp-content\\\/uploads\\\/2020\\\/12\\\/PANA1324.jpeg\",\"width\":1280,\"height\":853},{\"@type\":\"BreadcrumbList\",\"@id\":\"https:\\\/\\\/fedeco.eu\\\/pt-pt\\\/marcas\\\/#breadcrumb\",\"itemListElement\":[{\"@type\":\"ListItem\",\"position\":1,\"name\":\"Home\",\"item\":\"https:\\\/\\\/fedeco.eu\\\/pt-pt\\\/\"},{\"@type\":\"ListItem\",\"position\":2,\"name\":\"Marcas\"}]},{\"@type\":\"WebSite\",\"@id\":\"https:\\\/\\\/fedeco.eu\\\/#website\",\"url\":\"https:\\\/\\\/fedeco.eu\\\/\",\"name\":\"Fedeco\",\"description\":\"In food we trust\",\"potentialAction\":[{\"@type\":\"SearchAction\",\"target\":{\"@type\":\"EntryPoint\",\"urlTemplate\":\"https:\\\/\\\/fedeco.eu\\\/?s={search_term_string}\"},\"query-input\":{\"@type\":\"PropertyValueSpecification\",\"valueRequired\":true,\"valueName\":\"search_term_string\"}}],\"inLanguage\":\"pt-PT\"}]}<\/script>\n<!-- \/ Yoast SEO plugin. -->","yoast_head_json":{"title":"Marcas - Fedeco","robots":{"index":"index","follow":"follow","max-snippet":"max-snippet:-1","max-image-preview":"max-image-preview:large","max-video-preview":"max-video-preview:-1"},"canonical":"https:\/\/fedeco.eu\/pt-pt\/marcas\/","og_locale":"pt_PT","og_type":"article","og_title":"Marcas - Fedeco","og_description":"Qualidade reconhecida Os nossos produtos frescos ultracongelados est\u00e3o dispon\u00edveis em qualquer forma desejada. Juntamente consigo, determinamos a sua gama ideal, tanto em termos de produtos como de embalagens. Em todos os casos, pode contar com a garantia de personaliza\u00e7\u00e3o e alta qualidade. Quer opte por vender com a sua pr\u00f3pria marca ou atrav\u00e9s de uma","og_url":"https:\/\/fedeco.eu\/pt-pt\/marcas\/","og_site_name":"Fedeco","article_modified_time":"2021-01-25T15:05:42+00:00","og_image":[{"width":1280,"height":853,"url":"https:\/\/fedeco.eu\/wp-content\/uploads\/2020\/12\/PANA1324.jpeg","type":"image\/jpeg"}],"twitter_card":"summary_large_image","twitter_misc":{"Tempo estimado de leitura":"1 minuto"},"schema":{"@context":"https:\/\/schema.org","@graph":[{"@type":"WebPage","@id":"https:\/\/fedeco.eu\/pt-pt\/marcas\/","url":"https:\/\/fedeco.eu\/pt-pt\/marcas\/","name":"Marcas - Fedeco","isPartOf":{"@id":"https:\/\/fedeco.eu\/#website"},"primaryImageOfPage":{"@id":"https:\/\/fedeco.eu\/pt-pt\/marcas\/#primaryimage"},"image":{"@id":"https:\/\/fedeco.eu\/pt-pt\/marcas\/#primaryimage"},"thumbnailUrl":"https:\/\/fedeco.eu\/wp-content\/uploads\/2020\/12\/PANA1324.jpeg","datePublished":"2020-09-01T17:57:51+00:00","dateModified":"2021-01-25T15:05:42+00:00","breadcrumb":{"@id":"https:\/\/fedeco.eu\/pt-pt\/marcas\/#breadcrumb"},"inLanguage":"pt-PT","potentialAction":[{"@type":"ReadAction","target":["https:\/\/fedeco.eu\/pt-pt\/marcas\/"]}]},{"@type":"ImageObject","inLanguage":"pt-PT","@id":"https:\/\/fedeco.eu\/pt-pt\/marcas\/#primaryimage","url":"https:\/\/fedeco.eu\/wp-content\/uploads\/2020\/12\/PANA1324.jpeg","contentUrl":"https:\/\/fedeco.eu\/wp-content\/uploads\/2020\/12\/PANA1324.jpeg","width":1280,"height":853},{"@type":"BreadcrumbList","@id":"https:\/\/fedeco.eu\/pt-pt\/marcas\/#breadcrumb","itemListElement":[{"@type":"ListItem","position":1,"name":"Home","item":"https:\/\/fedeco.eu\/pt-pt\/"},{"@type":"ListItem","position":2,"name":"Marcas"}]},{"@type":"WebSite","@id":"https:\/\/fedeco.eu\/#website","url":"https:\/\/fedeco.eu\/","name":"Fedeco","description":"In food we trust","potentialAction":[{"@type":"SearchAction","target":{"@type":"EntryPoint","urlTemplate":"https:\/\/fedeco.eu\/?s={search_term_string}"},"query-input":{"@type":"PropertyValueSpecification","valueRequired":true,"valueName":"search_term_string"}}],"inLanguage":"pt-PT"}]}},"_links":{"self":[{"href":"https:\/\/fedeco.eu\/pt-pt\/wp-json\/wp\/v2\/pages\/1580","targetHints":{"allow":["GET"]}}],"collection":[{"href":"https:\/\/fedeco.eu\/pt-pt\/wp-json\/wp\/v2\/pages"}],"about":[{"href":"https:\/\/fedeco.eu\/pt-pt\/wp-json\/wp\/v2\/types\/page"}],"author":[{"embeddable":true,"href":"https:\/\/fedeco.eu\/pt-pt\/wp-json\/wp\/v2\/users\/1"}],"replies":[{"embeddable":true,"href":"https:\/\/fedeco.eu\/pt-pt\/wp-json\/wp\/v2\/comments?post=1580"}],"version-history":[{"count":3,"href":"https:\/\/fedeco.eu\/pt-pt\/wp-json\/wp\/v2\/pages\/1580\/revisions"}],"predecessor-version":[{"id":2750,"href":"https:\/\/fedeco.eu\/pt-pt\/wp-json\/wp\/v2\/pages\/1580\/revisions\/2750"}],"wp:featuredmedia":[{"embeddable":true,"href":"https:\/\/fedeco.eu\/pt-pt\/wp-json\/wp\/v2\/media\/2744"}],"wp:attachment":[{"href":"https:\/\/fedeco.eu\/pt-pt\/wp-json\/wp\/v2\/media?parent=1580"}],"curies":[{"name":"wp","href":"https:\/\/api.w.org\/{rel}","templated":true}]}}

<h2>Qualidade reconhecida</h2>
<p>Os nossos produtos frescos ultracongelados estão disponíveis em qualquer forma desejada. Juntamente consigo, determinamos a sua gama ideal, tanto em termos de produtos como de embalagens. Em todos os casos, pode contar com a garantia de personalização e alta qualidade. Quer opte por vender com a sua própria marca ou através de uma das nossas marcas bem conhecidas.</p>
<h2>Marca própria</h2>
<p>Todos os nossos produtos estão disponíveis com marca própria, na embalagem de que necessita. Podemos criar uma gama personalizada só para si, embalá-la com a sua própria marca e entregá-la a seu pedido. Se desejar, podemos também responder de forma flexível às alterações sazonais, tendências alimentares, embalagens especiais, etc.</p>
<h2>As nossas marcas</h2>
<p>Outra opção atrativa é desenvolver um negócio com base na fama e reputação de longa data da nossa própria marca Fedeco Diamond Crown ou surpreender o mercado com a nova Snow Fox.</p>

<p>Qualidade reconhecida Os nossos produtos frescos ultracongelados estão disponíveis em qualquer forma desejada. Juntamente consigo, determinamos a sua gama ideal, tanto em termos de produtos como de embalagens. Em todos os casos, pode contar com a garantia de personalização e alta qualidade. Quer opte por vender com a sua própria marca ou através de uma</p>

<!-- This site is optimized with the Yoast SEO plugin v27.3 - https://yoast.com/product/yoast-seo-wordpress/ -->
<title>Marcas - Fedeco</title>
<meta name="robots" content="index, follow, max-snippet:-1, max-image-preview:large, max-video-preview:-1" />
<link rel="canonical" href="https://fedeco.eu/pt-pt/marcas/" />
<meta property="og:locale" content="pt_PT" />
<meta property="og:type" content="article" />
<meta property="og:title" content="Marcas - Fedeco" />
<meta property="og:description" content="Qualidade reconhecida Os nossos produtos frescos ultracongelados estão disponíveis em qualquer forma desejada. Juntamente consigo, determinamos a sua gama ideal, tanto em termos de produtos como de embalagens. Em todos os casos, pode contar com a garantia de personalização e alta qualidade. Quer opte por vender com a sua própria marca ou através de uma" />
<meta property="og:url" content="https://fedeco.eu/pt-pt/marcas/" />
<meta property="og:site_name" content="Fedeco" />
<meta property="article:modified_time" content="2021-01-25T15:05:42+00:00" />
<meta property="og:image" content="https://fedeco.eu/wp-content/uploads/2020/12/PANA1324.jpeg" />
	<meta property="og:image:width" content="1280" />
	<meta property="og:image:height" content="853" />
	<meta property="og:image:type" content="image/jpeg" />
<meta name="twitter:card" content="summary_large_image" />
<meta name="twitter:label1" content="Tempo estimado de leitura" />
	<meta name="twitter:data1" content="1 minuto" />
<script type="application/ld+json" class="yoast-schema-graph">{"@context":"https:\/\/schema.org","@graph":[{"@type":"WebPage","@id":"https:\/\/fedeco.eu\/pt-pt\/marcas\/","url":"https:\/\/fedeco.eu\/pt-pt\/marcas\/","name":"Marcas - Fedeco","isPartOf":{"@id":"https:\/\/fedeco.eu\/#website"},"primaryImageOfPage":{"@id":"https:\/\/fedeco.eu\/pt-pt\/marcas\/#primaryimage"},"image":{"@id":"https:\/\/fedeco.eu\/pt-pt\/marcas\/#primaryimage"},"thumbnailUrl":"https:\/\/fedeco.eu\/wp-content\/uploads\/2020\/12\/PANA1324.jpeg","datePublished":"2020-09-01T17:57:51+00:00","dateModified":"2021-01-25T15:05:42+00:00","breadcrumb":{"@id":"https:\/\/fedeco.eu\/pt-pt\/marcas\/#breadcrumb"},"inLanguage":"pt-PT","potentialAction":[{"@type":"ReadAction","target":["https:\/\/fedeco.eu\/pt-pt\/marcas\/"]}]},{"@type":"ImageObject","inLanguage":"pt-PT","@id":"https:\/\/fedeco.eu\/pt-pt\/marcas\/#primaryimage","url":"https:\/\/fedeco.eu\/wp-content\/uploads\/2020\/12\/PANA1324.jpeg","contentUrl":"https:\/\/fedeco.eu\/wp-content\/uploads\/2020\/12\/PANA1324.jpeg","width":1280,"height":853},{"@type":"BreadcrumbList","@id":"https:\/\/fedeco.eu\/pt-pt\/marcas\/#breadcrumb","itemListElement":[{"@type":"ListItem","position":1,"name":"Home","item":"https:\/\/fedeco.eu\/pt-pt\/"},{"@type":"ListItem","position":2,"name":"Marcas"}]},{"@type":"WebSite","@id":"https:\/\/fedeco.eu\/#website","url":"https:\/\/fedeco.eu\/","name":"Fedeco","description":"In food we trust","potentialAction":[{"@type":"SearchAction","target":{"@type":"EntryPoint","urlTemplate":"https:\/\/fedeco.eu\/?s={search_term_string}"},"query-input":{"@type":"PropertyValueSpecification","valueRequired":true,"valueName":"search_term_string"}}],"inLanguage":"pt-PT"}]}</script>
<!-- / Yoast SEO plugin. -->

Qualidade reconhecida Os nossos produtos frescos ultracongelados estão disponíveis em qualquer forma desejada. Juntamente consigo, determinamos a sua gama ideal, tanto em termos de produtos como de embalagens. Em todos os casos, pode contar com a garantia de personalização e alta qualidade. Quer opte por vender com a sua própria marca ou através de uma
